 1806?
0
What is the units digit of 1374?
4
What is the ten thousands digit of 12834?
1
What is the tens digit of 5805?
0
What is the tens digit of 1180?
8
What is the thousands digit of 1611?
1
What is the hundreds digit of 1291?
2
What is the hundreds digit of 4320?
3
What is the tens digit of 4529?
2
What is the units digit of 1803?
3
What is the tens digit of 4493?
9
What is the units digit of 880?
0
What is the hundreds digit of 1068?
0
What is the thousands digit of 1690?
1
What is the ten thousands digit of 11864?
1
What is the hundreds digit of 288?
2
What is the tens digit of 1499?
9
What is the ten thousands digit of 34045?
3
What is the tens digit of 4346?
4
What is the units digit of 4128?
8
What is the thousands digit of 2797?
2
What is the units digit of 46101?
1
What is the tens digit of 1374?
7
What is the tens digit of 976?
7
What is the thousands digit of 23837?
3
What is the ten thousands digit of 48101?
4
What is the hundreds digit of 3274?
2
What is the units digit of 62523?
3
What is the units digit of 23666?
6
What is the tens digit of 15061?
6
What is the hundreds digit of 9340?
3
What is the thousands digit of 13026?
3
What is the hundreds digit of 18561?
5
What is the units digit of 95644?
4
What is the units digit of 133876?
6
What is the tens digit of 5306?
0
What is the hundreds digit of 6874?
8
What is the thousands digit of 5862?
5
What is the hundreds digit of 2374?
3
What is the tens digit of 3273?
7
What is the hundreds digit of 5923?
9
What is the units digit of 38527?
7
What is the hundreds digit of 36736?
7
What is the tens digit of 625?
2
What is the hundreds digit of 17600?
6
What is the units digit of 232?
2
What is the hundreds digit of 4432?
4
What is the tens digit of 34361?
6
What is the thousands digit of 1814?
1
What is the units digit of 4376?
6
What is the hundreds digit of 83049?
0
What is the thousands digit of 4229?
4
What is the hundreds digit of 1509?
5
What is the tens digit of 5793?
9
What is the hundreds digit of 4099?
0
What is the thousands digit of 17275?
7
What is the tens digit of 827?
2
What is the hundreds digit of 8542?
5
What is the hundreds digit of 917?
9
What is the tens digit of 84?
8
What is the tens digit of 710?
1
What is the hundreds digit of 29982?
9
What is the thousands digit of 1279?
1
What is the tens digit of 55201?
0
What is the units digit of 3576?
6
What is the tens digit of 1085?
8
What is the hundreds digit of 4420?
4
What is the units digit of 343?
3
What is the hundreds digit of 65319?
3
What is the ten thousands digit of 18650?
1
What is the units digit of 13700?
0
What is the thousands digit of 6398?
6
What is the thousands digit of 1646?
1
What is the hundreds digit of 526?
5
What is the ten thousands digit of 10865?
1
What is the units digit of 59291?
1
What is the hundreds digit of 9572?
5
What is the thousands digit of 98369?
8
What is the tens digit of 230?
3
What is the thousands digit of 97529?
7
What is the tens digit of 25095?
9
What is the tens digit of 974?
7
What is the hundred thousands digit of 160501?
1
What is the units digit of 746?
6
What is the hundreds digit of 561?
5
What is the tens digit of 60642?
4
What is the hundreds digit of 597?
5
What is the units digit of 541?
1
What is the thousands digit of 33249?
3
What is the units digit of 1204?
4
What is the tens digit of 32624?
2
What is the hundreds digit of 1320?
3
What is the hundreds digit of 7344?
3
What is the tens digit of 15434?
3
What is the ten thousands digit of 14014?
1
What is the thousands digit of 1927?
1
What is the thousands digit of 2660?
2
What is the hundreds digit of 19988?
9
What is the thousands digit of 24211?
4
What is the hundreds digit of 697?
6
What is the ten thousands digit of 30390?
3
What is the thousands digit of 1908?
1
What is the units digit of 11911?
1
What is the units digit of 4481?
1
What is the units digit of 2155?
5
What is the units digit of 2906?
6
What is the units digit of 5311?
1
What is the units digit of 9445?
5
What is the hundreds digit of 1018?
0
What is the thousands digit of 8728?
8
What is the units digit of 55978?
8
What is the tens digit of 5931?
3
What is the thousands digit of 1384?
1
What is the tens digit of 308?
0
What is the tens digit of 184671?
7
What is the units digit of 28604?
4
What is the units digit of 903?
3
What is the ten thousands digit of 30167?
3
What is the ten thousands digit of 58979?
5
What is the thousands digit of 5041?
5
What is the hundreds digit of 1031?
0
What is the units digit of 50?
0
What is the units digit of 47187?
7
What is the units digit of 343?
3
What is the units digit of 24540?
0
What is the units digit of 918?
8
What is the tens digit of 53827?
2
What is the thousands digit of 44196?
4
What is the thousands digit of 2561?
2
What is the hundreds digit of 472?
4
What is the thousands digit of 13752?
3
What is the units digit of 88976?
6
What is the hundreds digit of 733?
7
What is the tens digit of 865?
6
What is the thousands digit of 13281?
3
What is the hundreds digit of 24828?
8
What is the units digit of 16799?
9
What is the hundreds digit of 7109?
1
What is the hundreds digit of 4681?
6
What is the thousands digit of 7057?
7
What is the tens digit of 32492?
9
What is the units digit of 398?
8
What is the hundreds digit of 4807?
8
What is the tens digit of 245?
4
What is the ten thousands digit of 22856?
2
What is the thousands digit of 23245?
3
What is the units digit of 614?
4
What is the hundreds digit of 103018?
0
What is the thousands digit of 115841?
5
What is the units digit of 34962?
2
What is the thousands digit of 3453?
3
What is the hundreds digit of 1449?
4
What is the tens digit of 154?
5
What is the hundreds digit of 8820?
8
What is the ten thousands digit of 71154?
7
What is the thousands digit of 4243?
4
What is the units digit of 5184?
4
What is the tens digit of 135665?
6
What is the hundreds digit of 53169?
1
What is the units digit of 3545?
5
What is the tens digit of 1403?
0
What is the tens digit of 946?
4
What is the hundreds digit of 865?
8
What is the thousands digit of 24574?
4
What is the units digit of 25536?
6
What is the ten thousands digit of 10154?
1
What is the units digit of 402?
2
What is the thousands digit of 59757?
9
What is the units digit of 2180?
0
What is the tens digit of 12088?
8
What is the hundreds digit of 893?
8
What is the tens digit of 2704?
0
What is the units digit of 25337?
7
What is the tens digit of 2036?
3
What is the units digit of 76127?
7
What is the hundreds digit of 36027?
0
What is the tens digit of 160542?
4
What is the tens digit of 620?
2
What is the tens digit of 985?
8
What is the units digit of 1677?
7
What is the hundreds digit of 35243?
2
What is the tens digit of 781?
8
What is the thousands digit of 46619?
6
What is the units digit of 3499?
9
What is the tens digit of 51?
5
What is the tens digit of 49321?
2
What is the tens digit of 29580?
8
What is the tens digit of 8405?
0
What is the thousands digit of 18419?
8
What is the thousands digit of 22565?
2
What is the hundreds digit of 414?
4
What is the units digit of 29721?
1
What is the tens digit of 8797?
9
What is the tens digit of 13926?
2
What is the thousands digit of 36980?
6
What is the units digit of 3786?
6
What is the hundreds digit of 34789?
7
What is the units digit of 122?
2
What is the units digit of 4788?
8
What is the thousands digit of 43247?
3
What is the units digit of 4338?
8
What is the hundreds digit of 1203?
2
What is the thousands digit of 11076?
1
What is the tens digit of 7132?
3
What is the tens digit of 21816?
1
What is the ten thousands digit of 11535?
1
What is the thousands digit of 26157?
6
What is the hundreds digit of 12910?
9
What is the tens digit of 3175?
7
What is the hundreds digit of 70845?
8
What is the thousands digit of 2953?
2
What is the units digit of 2900?
0
What is the units digit of 9494?
4
What is the units digit of 35014?
4
What is the hundreds digit of 110719?
7
What is the tens digit of 8700?
0
What is the thousands digit of 1797?
1
What is the hundreds digit of 4187?
1
What is the ten thousands digit of 18964?
1
What is the tens digit of 55383?
8
What is the tens digit of 672?
7
What is the hundreds digit o